. Let y = 29 + j. Suppose -4*p = -8, y*p - 5*p = -2*n + 76. What is the tens digit of n?
3
Suppose -x - 3*r + 291 = 0, 0*x - x = -r - 287. Let g = -140 + x. What is the units digit of g?
8
Suppose -339 = -25*p + 2911. What is the hundreds digit of p?
1
Let x(y) = 1 + 2*y - 1 + 73*y**2 + 1 + 82*y**2. What is the units digit of x(-1)?
4
What is the units digit of -107*(-8)/12*(-9)/(-6)?
7
Let c be 1/5 + (3 - 16/(-20)). Suppose -54 = -3*t - 0*t + n, 90 = 5*t - 2*n. Suppose h + 2*h - t = -m, 0 = -m - c*h + 16. What is the tens digit of m?
2
Suppose -11*w = 31*w - 154182. What is the thousands digit of w?
3
Suppose -5*b = -d - 57, 5*d + 73 - 19 = 4*b. Suppose 4 = 5*x - b. What is the units digit of x?
3
Let q = -420 + 633. What is the units digit of q?
3
Let c(h) = 961*h**2 + 7*h - 6. What is the hundreds digit of c(1)?
9
Suppose r + 2*r - 9 = 0. Suppose -16*n = -r*n - 416. What is the units digit of n?
2
Let j be 12 - (2 - (3 + -5)) - 1. Suppose 0 = 6*d - j*d - 5*b - 3, -3*d = -5*b - 31. What is the units digit of d?
7
What is the hundreds digit of -772*(-6 + 115/20)?
1
What is the tens digit of (6/4)/(9/1344) - -1?
2
Let f be 5 - (12/4 + 0). Suppose -8 + 3 = -3*m - f*p, -m + 5*p + 30 = 0. Suppose -m*w - 5*v + 160 = -0*w, 2*w = -5*v + 52. What is the tens digit of w?
3
Let z = -1539 - -2375. What is the units digit of z?
6
Suppose a = 2*u - a, -3*a = 5*u. Suppose 2*t + u*t = 8. What is the units digit of 12*(1/t - 0)?
3
Let n be (-7 - -13)*(-3)/(-2). Suppose -8*t + n*t - 65 = 0. What is the tens digit of t?
6
What is the hundreds digit of (-5)/2*(-187 - -23)?
4
Let z(i) = 2*i**2 - 5*i**2 - 2*i + 26*i**2 + 2 - 5. What is the units digit of z(2)?
5
Let l(w) be the first derivative of -2 + 3*w + 1/4*w**4 + 5*w**2 - 8/3*w**3. What is the tens digit of l(7)?
2
Let a(f) = -f**2 - 9*f + 12. Let m be a(-10). Suppose 0 = 2*j + 4*d - 24, 0 = -j + m*d - 3*d + 10. Suppose 115 = -3*l + j*l. What is the tens digit of l?
2
Suppose -31 = -a + 7. Let w = 56 - a. Suppose 5 = 5*i, 3*n - 5*i + w = 55. What is the units digit of n?
4
Let i(g) = 2*g**2 - 17*g - 6. Let w be i(9). Let a be 33/(-4)*16/(-2). Suppose -2*o - 4*p = -a, -4*o + w*p - p + 122 = 0. What is the units digit of o?
1
Suppose 253 = 5*u - 1902. Suppose 5*l - u = -0*f + 3*f, 3*l = -5*f + 279. What is the units digit of l?
8
Let t(i) = 4*i**3 + i**2 + i - 1. Let g be t(1). Suppose 5*s = -5*r - 15, -g*r + 0 + 9 = -s. What is the units digit of (-4 - -3) + 19 - r?
7
Suppose 6*v + 10 = 34. Suppose 3*k = v*i - 500, -k - 2*k - 372 = -3*i. What is the units digit of i?
8
Let z be -4 - (7*-6)/3. What is the units digit of z/(-15) + (-26)/(-3)?
8
Let a(r) = 2*r - r**3 + 5*r - 5 - r - 6 - 7*r**2. Let q = 3 - 11. What is the units digit of a(q)?
5
Suppose 4*i - 22 = -6. Suppose 0 = 3*b + 3*n + 149 - 452, -5*n = -5*b + 485. Suppose -b = -i*x + 165. What is the units digit of x?
6
Suppose 11*m - 495 = 8*m. What is the tens digit of 354/11 - 30/m?
3
What is the units digit of -13 + 12 + 6272 + 0?
1
Let t be ((-9)/4)/((-3)/(-12)). What is the tens digit of (67/(-1))/((t/(-6))/(-3))?
3
Suppose -p + 18 = -2*l, -4*l + 40 = -9*l + 5*p. Let m(h) = -5*h + 9. Let f(y) = 6*y - 11. Let k(d) = 3*f(d) + 4*m(d). What is the units digit of k(l)?
3
Let y(a) = 3*a**2 + 4*a + 47. What is the units digit of y(8)?
1
Suppose u + 873 = 2*u - 3*b, 3*u - 2629 = -b. What is the hundreds digit of u?
8
Let p be 0/(2 - 0/(-2)). Suppose 5*s - 15 = -p*s. Suppose -266 = -s*x - 4*x. What is the tens digit of x?
3
Suppose -6*j - 6 = -8*j. Suppose -28 = -4*v + 2*w, 3*w = -j*v + 2*v + 21. Let g = 20 - v. What is the tens digit of g?
1
Let f = -723 - -1179. What is the tens digit of f?
5
Suppose 3*j - 3*c + 12 = 0, -2*c + 0*c = 4*j + 4. What is the units digit of 8 - 0*j/4?
8
Let p be (-4)/(-12)*(3 + 24). Suppose -3*g + 5*s - 19 = 0, g - s + p = 3*g. Suppose g*u = u + 5*k + 39, 0 = 5*k. What is the tens digit of u?
3
Let g(w) = -w + 7. Let y(x) = 3*x - 20. Let z(a) = 17*g(a) + 6*y(a). Let l be z(4). Suppose 4*r + 176 = 4*q, l*q + r = 5*q - 88. What is the tens digit of q?
4
Let l = 842 - 776. What is the tens digit of l?
6
What is the hundreds digit of (9/36 + 5054/8)*1?
6
Let o(z) = z**2 - z + 19. What is the units digit of o(7)?
1
Suppose j - 4*j = -4*z - 255, 5*j + 35 = -z. What is the units digit of 1*(-16)/(-4) - z?
4
Suppose 12*o - 11*o = -7. Let x = 9 - o. What is the tens digit of x?
1
Suppose 2*h = -2*q + 1056, -3*h = -4*h - 3*q + 522. What is the tens digit of h?
3
What is the hundreds digit of (-19376)/(-34) + (88/187)/4?
5
Let m = 38 + -27. Suppose 21*q - 3510 = m*q. What is the hundreds digit of q?
3
Let d be (-4)/(-18) + (-34)/(-9). Let i = d + -10. Let s = i + 12. What is the units digit of s?
6
Let f(v) = -v**2 - 3*v + 5. Let m be f(0). What is the units digit of 4/(m*(-5)/(-250))?
0
Let q = 135 - 138. Let s(k) = 4*k**3 - 5*k + 3 - 3*k**3 + 3*k**2 - 5. What is the tens digit of s(q)?
1
Suppose 7*v - 5 = 9. What is the units digit of 81/(21/9 - v)?
3
Suppose 0 = -5*q + 4 + 11. Suppose q*t = -4*t + 700. What is the units digit of t?
0
Suppose 4*y - 758 = 4194. What is the hundreds digit of y?
2
Suppose -3*s + 15 = -2*w, w - 3*s + 3 = -12. Suppose 5*l - 205 = 5*n, -5*l - 5*n + 132 + 43 = w. Suppose 0 = -3*v + v + l. What is the units digit of v?
9
Let d(l) = 190*l**2 + 3*l + 7. What is the units digit of d(3)?
6
Suppose 4*v - 80 = -3*t, 0 = 4*t - 10*v + 14*v - 104. What is the tens digit of t?
2
Let i(b) be the second derivative of b**5/20 + 5*b**4/6 + 2*b**3/3 + 2*b**2 + b + 24. Let p = -13 + 4. What is the units digit of i(p)?
9
Let u be (-8)/(-12)*-6 + 5. What is the tens digit of u + (4 - -35)/1?
4
Let o = 35 + -20. Suppose w - 175 = -o. Suppose -4*p + 94 = -2*c, -4*p = -4*c + 56 - w. What is the units digit of p?
1
Let x = 5 - 4. What is the tens digit of 2 - -5 - (-3)/x?
1
What is the tens digit of -2 + (-47)/((-6)/(-2 + 32))?
3
Suppose v + v - 4 = 0. Let j(n) = -3 - 3*n + 5*n + 0*n**3 + n**3 + n**2. What is the tens digit of j(v)?
1
What is the units digit of ((-1560)/(-5))/3 - 2?
2
Suppose 0 = 11*s + 13 - 68. Suppose -s*n = o - 2*o - 152, -5*n - 4*o = -167. What is the units digit of n?
1
Let u(m) = m + 7. Let r be u(-7). Let n = 14 - 4. Suppose r = 3*c - 5 - n. What is the units digit of c?
5
Let o be (-22)/(-3)*(-5)/((-20)/78). Suppose 3*z = 497 - o. What is the units digit of z?
8
Let m = -10 - 0. Let q be (-124)/m + 22/(-55). Suppose 15 = 4*l - 5*k - 6, q = 4*k. What is the units digit of l?
9
Let r(t) be the third derivative of -t**4/24 - t**3/3 - 7*t**2. Let b be r(-6). Suppose 3*a - b*i + 33 = 170, -2*a + 53 = 5*i. What is the tens digit of a?
3
Let c be 1*(50 - (-3 + 0)). Let w = c - -40. Suppose 2*k = -k + w. What is the tens digit of k?
3
Let r be 90/21 - 6/21. Suppose -r*v + 3*p = -0*v + 9, -3*p = v + 6. What is the units digit of -69*(-1 + 0) + v?
6
Suppose -f = -6*f - 30. Let z = -1 - f. Suppose -j = -3*x + 120, -3*x + z*j - 40 = -4*x. What is the units digit of x?
0
Suppose 0 = -65*q + 63*q + 594. What is the hundreds digit of q?
2
Let f(g) = 11*g**2 - 13*g - 127. What is the hundreds digit of f(-12)?
6
Let n(h) = 112*h + 14. What is the units digit of n(7)?
8
Let h = -5438 - -8331. What is the hundreds digit of h?
8
Suppose -z - 12 = -j - 269, 0 = -2*j + 4. Suppose -z = -8*l + l. What is the units digit of l?
7
Let n(p) = -28*p + 27. Let d be n(-5). Suppose 83 = 3*u - g, -5*u + 2*g + d - 28 = 0. What is the units digit of u?
7
Suppose 5*p + z = 17, p + 15 = 4*p + 3*z. Let r(s) = s**3 + 15*s**2 + 19*s + 82. Let t be r(-14). What is the units digit of ((-28)/t)/(p/(-54))?
2
Let y = 593 - 529. What is the tens digit of y?
6
Let t(a) = a**3 + 8*a**2 + 3*a - 5. Let y = 10 + -6. Let h = -3 - y. What is the units digit of t(h)?
3
Let y(a) = 43*a**3 + 16*a**3 + a - 4*a**3. What is the units digit of y(1)?
6
Suppose -2*q - 2*n = -12, 4*n + 3 = 5*n. Suppose -q*a + 0*a - 13 = -5*t, 0 = t + 5*a - 25. Suppose 135 = 4*z - t. What is the units digit of z?
5
Suppose 0*k + 4*k + 48 = 0. Let d = -6 - k. Suppose 3*s - d = 18. What is the units digit of s?
8
Suppose -4*g - 16 = 0, -a - 3*a + 3*g = -36. Let x(d) = -4*d - 6. Let u be x(a). Let r = u - -45. What is the units digit of r?
5
Let c(u) = 17*u**2 - 5*u + 6. What is the ten